{"id":936,"date":"2024-07-03T15:04:29","date_gmt":"2024-07-03T15:04:29","guid":{"rendered":"https:\/\/marcoplanas.ch\/?page_id=936"},"modified":"2025-10-20T17:34:40","modified_gmt":"2025-10-20T17:34:40","slug":"kampagne-2024","status":"publish","type":"page","link":"https:\/\/marcoplanas.ch\/index.php\/kampagne-2024\/","title":{"rendered":"Kampagne 2024"},"content":{"rendered":"<p>[vc_row][vc_column][vc_empty_space][\/vc_column][\/vc_row][vc_row][vc_column][tm_heading custom_google_font=&#187;&#187; text=&#187;Interview im Radio Rasa&#187; typed_list=&#187;%5B%7B%7D%5D&#187;][vc_column_text]Radio Rasa, 09.08.2024[\/vc_column_text][vc_column_text]<a href=\"https:\/\/marcoplanas.ch\/wp-content\/uploads\/2024\/08\/Beitrag_Marco-Planas.mp3\" target=\"_blank\" rel=\"noopener\">Beitrag Radio Rasa (MP3)<\/a>[\/vc_column_text][vc_empty_space][\/vc_column][\/vc_row][vc_row][vc_column][tm_heading custom_google_font=&#187;&#187; text=&#187;Wahlserie Stadtrat&#187; typed_list=&#187;%5B%7B%7D%5D&#187;][vc_column_text]Radio Munot, 17.07.2024:[\/vc_column_text][vc_column_text]<a href=\"https:\/\/marcoplanas.ch\/wp-content\/uploads\/2024\/07\/20240703_js_2407_Marco_Planas_Wahlserie_Stadtrat_2024.mp3\" target=\"_blank\" rel=\"noopener\">Beitrag Radio Munot (MP3)<\/a>[\/vc_column_text][vc_empty_space][\/vc_column][\/vc_row][vc_row][vc_column][tm_heading custom_google_font=&#187;&#187; text=&#187;Portr\u00e4t&#187; typed_list=&#187;%5B%7B%7D%5D&#187;][vc_column_text]Schaffhauser Nachrichten, 04.07.2024:[\/vc_column_text][vc_single_image image=&#187;1010&#8243; img_size=&#187;medium&#187; onclick=&#187;custom_link&#187; img_link_target=&#187;_blank&#187; link=&#187;https:\/\/marcoplanas.ch\/wp-content\/uploads\/2024\/07\/shn-04.07.24_organized.pdf&#187;][vc_empty_space][\/vc_column][\/vc_row][vc_row][vc_column][tm_heading custom_google_font=&#187;&#187; text=&#187;Top-Talk: Das Rennen um die Schaffhauser Stadtratssitze&#187; typed_list=&#187;%5B%7B%7D%5D&#187;][vc_column_text]Tele Top, 2. Juli 2024:<\/p>\n<p><a href=\"https:\/\/www.toponline.ch\/news\/wahlen-abstimmungen\/detail\/news\/top-talk-der-kampf-um-die-schaffhauser-stadtratssitze-beginnt-00242571\/\" target=\"_blank\" rel=\"noopener\">Top-Talk: Das Rennen um die Schaffhauser Stadtratssitze hat begonnen<\/a>[\/vc_column_text][vc_empty_space][\/vc_column][\/vc_row][vc_row][vc_column][tm_heading custom_google_font=&#187;&#187; text=&#187;Wahl-Bier-Brauerei&#187; typed_list=&#187;%5B%7B%7D%5D&#187;][vc_column_text]Brauage du garage, im Juni 2024:[\/vc_column_text][vc_gallery type=&#187;image_grid&#187; images=&#187;990,989,988&#8243;][vc_empty_space][\/vc_column][\/vc_row][vc_row][vc_column][tm_heading custom_google_font=&#187;&#187; text=&#187;Marco Planas in den Stadtrat&#187; typed_list=&#187;%5B%7B%7D%5D&#187;][vc_column_text]Graffity von Severin Eichenberger, F\u00e4senstaub, im Juni 2024:[\/vc_column_text][vc_gallery type=&#187;image_grid&#187; images=&#187;987&#8243;][vc_empty_space][tm_heading custom_google_font=&#187;&#187; text=&#187;Wahlauftakt mit Paella&#187; typed_list=&#187;%5B%7B%7D%5D&#187;][vc_column_text]Auf dem Fronwagplatz, Samstag, 1. Juni 2024:[\/vc_column_text][vc_gallery type=&#187;image_grid&#187; images=&#187;954,953,952,951,994,993,992,991&#8243;][vc_empty_space][\/vc_column][\/vc_row][vc_row][vc_column][tm_heading custom_google_font=&#187;&#187; text=&#187;Im Gespr\u00e4ch mit Marco Planas&#187; typed_list=&#187;%5B%7B%7D%5D&#187;][vc_column_text]Interview im Regionalsport, Mai 2024:[\/vc_column_text][vc_single_image image=&#187;960&#8243; img_size=&#187;medium&#187; onclick=&#187;custom_link&#187; img_link_target=&#187;_blank&#187; link=&#187;https:\/\/marcoplanas.ch\/wp-content\/uploads\/2024\/07\/Marco_Planas.pdf&#187;][vc_empty_space][\/vc_column][\/vc_row][vc_row][vc_column][tm_heading tag=&#187;h2&#8243; custom_google_font=&#187;&#187; text=&#187;Es ist Zeit f\u00fcr einen Parteilosen im Stadtrat&#187; typed_list=&#187;%5B%7B%7D%5D&#187;][vc_column_text]Portrait im Schaffhauser Bock, 23. April 2024:[\/vc_column_text][vc_single_image image=&#187;981&#8243; img_size=&#187;medium&#187; onclick=&#187;custom_link&#187; img_link_target=&#187;_blank&#187; link=&#187;https:\/\/marcoplanas.ch\/wp-content\/uploads\/2024\/07\/20240423_SBO_SHBOCK_005.pdf&#187;][vc_empty_space][\/vc_column][\/vc_row][vc_row][vc_column][tm_heading tag=&#187;h2&#8243; custom_google_font=&#187;&#187; text=&#187;Marco Planas k\u00fcndigt Kandidatur als Stadtrat an&#187; typed_list=&#187;%5B%7B%7D%5D&#187;][vc_column_text]Schaffhauser Nachrichten, M\u00e4rz 2024:<\/p>\n<p><a href=\"https:\/\/www.shn.ch\/sn_video\/marco-planas-kuendigt-kandidatur-als-stadtrat-an\" target=\"_blank\" rel=\"noopener\">Marco Planas k\u00fcndigt Kandidatur als Stadtrat an<\/a>[\/vc_column_text][\/vc_column][\/vc_row][vc_row][vc_column][vc_empty_space height=&#187;50px&#187;][\/vc_column][\/vc_row][vc_row][vc_column][vc_single_image image=&#187;1080&#8243; img_size=&#187;full&#187;][vc_column_text]<\/p>\n<p>[\/vc_column_text][\/vc_column][\/vc_row]<\/p>\n","protected":false},"excerpt":{"rendered":"[vc_row][vc_column][vc_empty_space][\/vc_column][\/vc_row][vc_row][vc_column][tm_heading custom_google_font=&#187;&#187; text=&#187;Interview im Radio Rasa&#187; typed_list=&#187;%5B%7B%7D%5D&#187;][vc_column_text]Radio Rasa, 09.08.2024[\/vc_column_text][vc_column_text]Beitrag Radio Rasa (MP3)[\/vc_column_text][vc_empty_space][\/vc_column][\/vc_row][vc_row][vc_column][tm_heading custom_google_font=&#187;&#187; text=&#187;Wahlserie Stadtrat&#187; typed_list=&#187;%5B%7B%7D%5D&#187;][vc_column_text]Radio Munot, 17.07.2024:[\/vc_column_text][vc_column_text]Beitrag Radio Munot (MP3)[\/vc_column_text][vc_empty_space][\/vc_column][\/vc_row][vc_row][vc_column][tm_heading custom_google_font=&#187;&#187; text=&#187;Portr\u00e4t&#187; typed_list=&#187;%5B%7B%7D%5D&#187;][vc_column_text]Schaffhauser Nachrichten, 04.07.2024:[\/vc_column_text][vc_single_image image=&#187;1010&#8243; img_size=&#187;medium&#187; onclick=&#187;custom_link&#187; img_link_target=&#187;_blank&#187; link=&#187;https:\/\/marcoplanas.ch\/wp-content\/uploads\/2024\/07\/shn-04.07.24_organized.pdf&#187;][vc_empty_space][\/vc_column][\/vc_row][vc_row][vc_column][tm_heading custom_google_font=&#187;&#187; text=&#187;Top-Talk: Das Rennen um die Schaffhauser Stadtratssitze&#187; typed_list=&#187;%5B%7B%7D%5D&#187;][vc_column_text]Tele Top, 2. Juli 2024: Top-Talk: Das Rennen um die Schaffhauser Stadtratssitze hat begonnen[\/vc_column_text][vc_empty_space][\/vc_column][\/vc_row][vc_row][vc_column][tm_heading custom_google_font=&#187;&#187; text=&#187;Wahl-Bier-Brauerei&#187; typed_list=&#187;%5B%7B%7D%5D&#187;][vc_column_text]Brauage du garage, im Juni 2024:[\/vc_column_text][vc_gallery type=&#187;image_grid&#187; images=&#187;990,989,988&#8243;][vc_empty_space][\/vc_column][\/vc_row][vc_row][vc_column][tm_heading custom_google_font=&#187;&#187; text=&#187;Marco Planas in den Stadtrat&#187; typed_list=&#187;%5B%7B%7D%5D&#187;][vc_column_text]Graffity von Severin Eichenberger, F\u00e4senstaub, im Juni 2024:[\/vc_column_text][vc_gallery type=&#187;image_grid&#187; images=&#187;987&#8243;][vc_empty_space][tm_heading custom_google_font=&#187;&#187; text=&#187;Wahlauftakt mit Paella&#187; typed_list=&#187;%5B%7B%7D%5D&#187;][vc_column_text]Auf dem Fronwagplatz, Samstag, 1. Juni 2024:[\/vc_column_text][vc_gallery type=&#187;image_grid&#187; images=&#187;954,953,952,951,994,993,992,991&#8243;][vc_empty_space][\/vc_column][\/vc_row][vc_row][vc_column][tm_heading custom_google_font=&#187;&#187; text=&#187;Im Gespr\u00e4ch mit Marco Planas&#187; typed_list=&#187;%5B%7B%7D%5D&#187;][vc_column_text]Interview im Regionalsport, Mai 2024:[\/vc_column_text][vc_single_image image=&#187;960&#8243; img_size=&#187;medium&#187; onclick=&#187;custom_link&#187; img_link_target=&#187;_blank&#187; link=&#187;https:\/\/marcoplanas.ch\/wp-content\/uploads\/2024\/07\/Marco_Planas.pdf&#187;][vc_empty_space][\/vc_column][\/vc_row][vc_row][vc_column][tm_heading tag=&#187;h2&#8243; custom_google_font=&#187;&#187; text=&#187;Es ist Zeit f\u00fcr einen Parteilosen im Stadtrat&#187; typed_list=&#187;%5B%7B%7D%5D&#187;][vc_column_text]Portrait im Schaffhauser Bock, 23. April 2024:[\/vc_column_text][vc_single_image image=&#187;981&#8243; img_size=&#187;medium&#187; onclick=&#187;custom_link&#187; img_link_target=&#187;_blank&#187; link=&#187;https:\/\/marcoplanas.ch\/wp-content\/uploads\/2024\/07\/20240423_SBO_SHBOCK_005.pdf&#187;][vc_empty_space][\/vc_column][\/vc_row][vc_row][vc_column][tm_heading tag=&#187;h2&#8243; custom_google_font=&#187;&#187; text=&#187;Marco Planas k\u00fcndigt Kandidatur als Stadtrat an&#187; typed_list=&#187;%5B%7B%7D%5D&#187;][vc_column_text]Schaffhauser Nachrichten, M\u00e4rz 2024: Marco Planas k\u00fcndigt Kandidatur als Stadtrat an[\/vc_column_text][\/vc_column][\/vc_row][vc_row][vc_column][vc_empty_space height=&#187;50px&#187;][\/vc_column][\/vc_row][vc_row][vc_column][vc_single_image image=&#187;1080&#8243; img_size=&#187;full&#187;][vc_column_text] [\/vc_column_text][\/vc_column][\/vc_row]","protected":false},"author":1,"featured_media":0,"parent":0,"menu_order":0,"comment_status":"closed","ping_status":"open","template":"","meta":{"_themeisle_gutenberg_block_has_review":false,"footnotes":""},"class_list":["post-936","page","type-page","status-publish","hentry"],"yoast_head":"<!-- This site is optimized with the Yoast SEO plugin v27.1.1 - https:\/\/yoast.com\/product\/yoast-seo-wordpress\/ -->\n<title>Kampagne 2024 - Marco Planas in den Stadtrat<\/title>\n<meta name=\"robots\" content=\"index, follow, max-snippet:-1, max-image-preview:large, max-video-preview:-1\" \/>\n<link rel=\"canonical\" href=\"https:\/\/marcoplanas.ch\/index.php\/kampagne-2024\/\" \/>\n<meta property=\"og:locale\" content=\"de_DE\" \/>\n<meta property=\"og:type\" content=\"article\" \/>\n<meta property=\"og:title\" content=\"Kampagne 2024 - Marco Planas in den Stadtrat\" \/>\n<meta property=\"og:description\" content=\"[vc_row][vc_column][vc_empty_space][\/vc_column][\/vc_row][vc_row][vc_column][tm_heading custom_google_font=&#187;&#187; text=&#187;Interview im Radio Rasa&#187; typed_list=&#187;%5B%7B%7D%5D&#187;][vc_column_text]Radio Rasa, 09.08.2024[\/vc_column_text][vc_column_text]Beitrag Radio Rasa (MP3)[\/vc_column_text][vc_empty_space][\/vc_column][\/vc_row][vc_row][vc_column][tm_heading custom_google_font=&#187;&#187; text=&#187;Wahlserie Stadtrat&#187; typed_list=&#187;%5B%7B%7D%5D&#187;][vc_column_text]Radio Munot, 17.07.2024:[\/vc_column_text][vc_column_text]Beitrag Radio Munot (MP3)[\/vc_column_text][vc_empty_space][\/vc_column][\/vc_row][vc_row][vc_column][tm_heading custom_google_font=&#187;&#187; text=&#187;Portr\u00e4t&#187; typed_list=&#187;%5B%7B%7D%5D&#187;][vc_column_text]Schaffhauser Nachrichten, 04.07.2024:[\/vc_column_text][vc_single_image image=&#187;1010&#8243; img_size=&#187;medium&#187; onclick=&#187;custom_link&#187; img_link_target=&#187;_blank&#187; link=&#187;https:\/\/marcoplanas.ch\/wp-content\/uploads\/2024\/07\/shn-04.07.24_organized.pdf&#187;][vc_empty_space][\/vc_column][\/vc_row][vc_row][vc_column][tm_heading custom_google_font=&#187;&#187; text=&#187;Top-Talk: Das Rennen um die Schaffhauser Stadtratssitze&#187; typed_list=&#187;%5B%7B%7D%5D&#187;][vc_column_text]Tele Top, 2. Juli 2024: Top-Talk: Das Rennen um die Schaffhauser Stadtratssitze hat begonnen[\/vc_column_text][vc_empty_space][\/vc_column][\/vc_row][vc_row][vc_column][tm_heading custom_google_font=&#187;&#187; text=&#187;Wahl-Bier-Brauerei&#187; typed_list=&#187;%5B%7B%7D%5D&#187;][vc_column_text]Brauage du garage, im Juni 2024:[\/vc_column_text][vc_gallery type=&#187;image_grid&#187; images=&#187;990,989,988&#8243;][vc_empty_space][\/vc_column][\/vc_row][vc_row][vc_column][tm_heading custom_google_font=&#187;&#187; text=&#187;Marco Planas in den Stadtrat&#187; typed_list=&#187;%5B%7B%7D%5D&#187;][vc_column_text]Graffity von Severin Eichenberger, F\u00e4senstaub, im Juni 2024:[\/vc_column_text][vc_gallery type=&#187;image_grid&#187; images=&#187;987&#8243;][vc_empty_space][tm_heading custom_google_font=&#187;&#187; text=&#187;Wahlauftakt mit Paella&#187; typed_list=&#187;%5B%7B%7D%5D&#187;][vc_column_text]Auf dem Fronwagplatz, Samstag, 1. Juni 2024:[\/vc_column_text][vc_gallery type=&#187;image_grid&#187; images=&#187;954,953,952,951,994,993,992,991&#8243;][vc_empty_space][\/vc_column][\/vc_row][vc_row][vc_column][tm_heading custom_google_font=&#187;&#187; text=&#187;Im Gespr\u00e4ch mit Marco Planas&#187; typed_list=&#187;%5B%7B%7D%5D&#187;][vc_column_text]Interview im Regionalsport, Mai 2024:[\/vc_column_text][vc_single_image image=&#187;960&#8243; img_size=&#187;medium&#187; onclick=&#187;custom_link&#187; img_link_target=&#187;_blank&#187; link=&#187;https:\/\/marcoplanas.ch\/wp-content\/uploads\/2024\/07\/Marco_Planas.pdf&#187;][vc_empty_space][\/vc_column][\/vc_row][vc_row][vc_column][tm_heading tag=&#187;h2&#8243; custom_google_font=&#187;&#187; text=&#187;Es ist Zeit f\u00fcr einen Parteilosen im Stadtrat&#187; typed_list=&#187;%5B%7B%7D%5D&#187;][vc_column_text]Portrait im Schaffhauser Bock, 23. April 2024:[\/vc_column_text][vc_single_image image=&#187;981&#8243; img_size=&#187;medium&#187; onclick=&#187;custom_link&#187; img_link_target=&#187;_blank&#187; link=&#187;https:\/\/marcoplanas.ch\/wp-content\/uploads\/2024\/07\/20240423_SBO_SHBOCK_005.pdf&#187;][vc_empty_space][\/vc_column][\/vc_row][vc_row][vc_column][tm_heading tag=&#187;h2&#8243; custom_google_font=&#187;&#187; text=&#187;Marco Planas k\u00fcndigt Kandidatur als Stadtrat an&#187; typed_list=&#187;%5B%7B%7D%5D&#187;][vc_column_text]Schaffhauser Nachrichten, M\u00e4rz 2024: Marco Planas k\u00fcndigt Kandidatur als Stadtrat an[\/vc_column_text][\/vc_column][\/vc_row][vc_row][vc_column][vc_empty_space height=&#187;50px&#187;][\/vc_column][\/vc_row][vc_row][vc_column][vc_single_image image=&#187;1080&#8243; img_size=&#187;full&#187;][vc_column_text] [\/vc_column_text][\/vc_column][\/vc_row]\" \/>\n<meta property=\"og:url\" content=\"https:\/\/marcoplanas.ch\/index.php\/kampagne-2024\/\" \/>\n<meta property=\"og:site_name\" content=\"Marco Planas in den Stadtrat\" \/>\n<meta property=\"article:modified_time\" content=\"2025-10-20T17:34:40+00:00\" \/>\n<meta name=\"twitter:card\" content=\"summary_large_image\" \/>\n<meta name=\"twitter:label1\" content=\"Gesch\u00e4tzte Lesezeit\" \/>\n\t<meta name=\"twitter:data1\" content=\"1\u00a0Minute\" \/>\n<script type=\"application\/ld+json\" class=\"yoast-schema-graph\">{\"@context\":\"https:\/\/schema.org\",\"@graph\":[{\"@type\":\"WebPage\",\"@id\":\"https:\/\/marcoplanas.ch\/index.php\/kampagne-2024\/\",\"url\":\"https:\/\/marcoplanas.ch\/index.php\/kampagne-2024\/\",\"name\":\"Kampagne 2024 - Marco Planas in den Stadtrat\",\"isPartOf\":{\"@id\":\"https:\/\/marcoplanas.ch\/#website\"},\"datePublished\":\"2024-07-03T15:04:29+00:00\",\"dateModified\":\"2025-10-20T17:34:40+00:00\",\"breadcrumb\":{\"@id\":\"https:\/\/marcoplanas.ch\/index.php\/kampagne-2024\/#breadcrumb\"},\"inLanguage\":\"de-CH\",\"potentialAction\":[{\"@type\":\"ReadAction\",\"target\":[\"https:\/\/marcoplanas.ch\/index.php\/kampagne-2024\/\"]}]},{\"@type\":\"BreadcrumbList\",\"@id\":\"https:\/\/marcoplanas.ch\/index.php\/kampagne-2024\/#breadcrumb\",\"itemListElement\":[{\"@type\":\"ListItem\",\"position\":1,\"name\":\"Startseite\",\"item\":\"https:\/\/marcoplanas.ch\/\"},{\"@type\":\"ListItem\",\"position\":2,\"name\":\"Kampagne 2024\"}]},{\"@type\":\"WebSite\",\"@id\":\"https:\/\/marcoplanas.ch\/#website\",\"url\":\"https:\/\/marcoplanas.ch\/\",\"name\":\"Marco Planas in den Stadtrat\",\"description\":\"\",\"potentialAction\":[{\"@type\":\"SearchAction\",\"target\":{\"@type\":\"EntryPoint\",\"urlTemplate\":\"https:\/\/marcoplanas.ch\/?s={search_term_string}\"},\"query-input\":{\"@type\":\"PropertyValueSpecification\",\"valueRequired\":true,\"valueName\":\"search_term_string\"}}],\"inLanguage\":\"de-CH\"}]}<\/script>\n<!-- \/ Yoast SEO plugin. -->","yoast_head_json":{"title":"Kampagne 2024 - Marco Planas in den Stadtrat","robots":{"index":"index","follow":"follow","max-snippet":"max-snippet:-1","max-image-preview":"max-image-preview:large","max-video-preview":"max-video-preview:-1"},"canonical":"https:\/\/marcoplanas.ch\/index.php\/kampagne-2024\/","og_locale":"de_DE","og_type":"article","og_title":"Kampagne 2024 - Marco Planas in den Stadtrat","og_description":"[vc_row][vc_column][vc_empty_space][\/vc_column][\/vc_row][vc_row][vc_column][tm_heading custom_google_font=&#187;&#187; text=&#187;Interview im Radio Rasa&#187; typed_list=&#187;%5B%7B%7D%5D&#187;][vc_column_text]Radio Rasa, 09.08.2024[\/vc_column_text][vc_column_text]Beitrag Radio Rasa (MP3)[\/vc_column_text][vc_empty_space][\/vc_column][\/vc_row][vc_row][vc_column][tm_heading custom_google_font=&#187;&#187; text=&#187;Wahlserie Stadtrat&#187; typed_list=&#187;%5B%7B%7D%5D&#187;][vc_column_text]Radio Munot, 17.07.2024:[\/vc_column_text][vc_column_text]Beitrag Radio Munot (MP3)[\/vc_column_text][vc_empty_space][\/vc_column][\/vc_row][vc_row][vc_column][tm_heading custom_google_font=&#187;&#187; text=&#187;Portr\u00e4t&#187; typed_list=&#187;%5B%7B%7D%5D&#187;][vc_column_text]Schaffhauser Nachrichten, 04.07.2024:[\/vc_column_text][vc_single_image image=&#187;1010&#8243; img_size=&#187;medium&#187; onclick=&#187;custom_link&#187; img_link_target=&#187;_blank&#187; link=&#187;https:\/\/marcoplanas.ch\/wp-content\/uploads\/2024\/07\/shn-04.07.24_organized.pdf&#187;][vc_empty_space][\/vc_column][\/vc_row][vc_row][vc_column][tm_heading custom_google_font=&#187;&#187; text=&#187;Top-Talk: Das Rennen um die Schaffhauser Stadtratssitze&#187; typed_list=&#187;%5B%7B%7D%5D&#187;][vc_column_text]Tele Top, 2. Juli 2024: Top-Talk: Das Rennen um die Schaffhauser Stadtratssitze hat begonnen[\/vc_column_text][vc_empty_space][\/vc_column][\/vc_row][vc_row][vc_column][tm_heading custom_google_font=&#187;&#187; text=&#187;Wahl-Bier-Brauerei&#187; typed_list=&#187;%5B%7B%7D%5D&#187;][vc_column_text]Brauage du garage, im Juni 2024:[\/vc_column_text][vc_gallery type=&#187;image_grid&#187; images=&#187;990,989,988&#8243;][vc_empty_space][\/vc_column][\/vc_row][vc_row][vc_column][tm_heading custom_google_font=&#187;&#187; text=&#187;Marco Planas in den Stadtrat&#187; typed_list=&#187;%5B%7B%7D%5D&#187;][vc_column_text]Graffity von Severin Eichenberger, F\u00e4senstaub, im Juni 2024:[\/vc_column_text][vc_gallery type=&#187;image_grid&#187; images=&#187;987&#8243;][vc_empty_space][tm_heading custom_google_font=&#187;&#187; text=&#187;Wahlauftakt mit Paella&#187; typed_list=&#187;%5B%7B%7D%5D&#187;][vc_column_text]Auf dem Fronwagplatz, Samstag, 1. Juni 2024:[\/vc_column_text][vc_gallery type=&#187;image_grid&#187; images=&#187;954,953,952,951,994,993,992,991&#8243;][vc_empty_space][\/vc_column][\/vc_row][vc_row][vc_column][tm_heading custom_google_font=&#187;&#187; text=&#187;Im Gespr\u00e4ch mit Marco Planas&#187; typed_list=&#187;%5B%7B%7D%5D&#187;][vc_column_text]Interview im Regionalsport, Mai 2024:[\/vc_column_text][vc_single_image image=&#187;960&#8243; img_size=&#187;medium&#187; onclick=&#187;custom_link&#187; img_link_target=&#187;_blank&#187; link=&#187;https:\/\/marcoplanas.ch\/wp-content\/uploads\/2024\/07\/Marco_Planas.pdf&#187;][vc_empty_space][\/vc_column][\/vc_row][vc_row][vc_column][tm_heading tag=&#187;h2&#8243; custom_google_font=&#187;&#187; text=&#187;Es ist Zeit f\u00fcr einen Parteilosen im Stadtrat&#187; typed_list=&#187;%5B%7B%7D%5D&#187;][vc_column_text]Portrait im Schaffhauser Bock, 23. April 2024:[\/vc_column_text][vc_single_image image=&#187;981&#8243; img_size=&#187;medium&#187; onclick=&#187;custom_link&#187; img_link_target=&#187;_blank&#187; link=&#187;https:\/\/marcoplanas.ch\/wp-content\/uploads\/2024\/07\/20240423_SBO_SHBOCK_005.pdf&#187;][vc_empty_space][\/vc_column][\/vc_row][vc_row][vc_column][tm_heading tag=&#187;h2&#8243; custom_google_font=&#187;&#187; text=&#187;Marco Planas k\u00fcndigt Kandidatur als Stadtrat an&#187; typed_list=&#187;%5B%7B%7D%5D&#187;][vc_column_text]Schaffhauser Nachrichten, M\u00e4rz 2024: Marco Planas k\u00fcndigt Kandidatur als Stadtrat an[\/vc_column_text][\/vc_column][\/vc_row][vc_row][vc_column][vc_empty_space height=&#187;50px&#187;][\/vc_column][\/vc_row][vc_row][vc_column][vc_single_image image=&#187;1080&#8243; img_size=&#187;full&#187;][vc_column_text] [\/vc_column_text][\/vc_column][\/vc_row]","og_url":"https:\/\/marcoplanas.ch\/index.php\/kampagne-2024\/","og_site_name":"Marco Planas in den Stadtrat","article_modified_time":"2025-10-20T17:34:40+00:00","twitter_card":"summary_large_image","twitter_misc":{"Gesch\u00e4tzte Lesezeit":"1\u00a0Minute"},"schema":{"@context":"https:\/\/schema.org","@graph":[{"@type":"WebPage","@id":"https:\/\/marcoplanas.ch\/index.php\/kampagne-2024\/","url":"https:\/\/marcoplanas.ch\/index.php\/kampagne-2024\/","name":"Kampagne 2024 - Marco Planas in den Stadtrat","isPartOf":{"@id":"https:\/\/marcoplanas.ch\/#website"},"datePublished":"2024-07-03T15:04:29+00:00","dateModified":"2025-10-20T17:34:40+00:00","breadcrumb":{"@id":"https:\/\/marcoplanas.ch\/index.php\/kampagne-2024\/#breadcrumb"},"inLanguage":"de-CH","potentialAction":[{"@type":"ReadAction","target":["https:\/\/marcoplanas.ch\/index.php\/kampagne-2024\/"]}]},{"@type":"BreadcrumbList","@id":"https:\/\/marcoplanas.ch\/index.php\/kampagne-2024\/#breadcrumb","itemListElement":[{"@type":"ListItem","position":1,"name":"Startseite","item":"https:\/\/marcoplanas.ch\/"},{"@type":"ListItem","position":2,"name":"Kampagne 2024"}]},{"@type":"WebSite","@id":"https:\/\/marcoplanas.ch\/#website","url":"https:\/\/marcoplanas.ch\/","name":"Marco Planas in den Stadtrat","description":"","potentialAction":[{"@type":"SearchAction","target":{"@type":"EntryPoint","urlTemplate":"https:\/\/marcoplanas.ch\/?s={search_term_string}"},"query-input":{"@type":"PropertyValueSpecification","valueRequired":true,"valueName":"search_term_string"}}],"inLanguage":"de-CH"}]}},"_links":{"self":[{"href":"https:\/\/marcoplanas.ch\/index.php\/wp-json\/wp\/v2\/pages\/936","targetHints":{"allow":["GET"]}}],"collection":[{"href":"https:\/\/marcoplanas.ch\/index.php\/wp-json\/wp\/v2\/pages"}],"about":[{"href":"https:\/\/marcoplanas.ch\/index.php\/wp-json\/wp\/v2\/types\/page"}],"author":[{"embeddable":true,"href":"https:\/\/marcoplanas.ch\/index.php\/wp-json\/wp\/v2\/users\/1"}],"replies":[{"embeddable":true,"href":"https:\/\/marcoplanas.ch\/index.php\/wp-json\/wp\/v2\/comments?post=936"}],"version-history":[{"count":64,"href":"https:\/\/marcoplanas.ch\/index.php\/wp-json\/wp\/v2\/pages\/936\/revisions"}],"predecessor-version":[{"id":1082,"href":"https:\/\/marcoplanas.ch\/index.php\/wp-json\/wp\/v2\/pages\/936\/revisions\/1082"}],"wp:attachment":[{"href":"https:\/\/marcoplanas.ch\/index.php\/wp-json\/wp\/v2\/media?parent=936"}],"curies":[{"name":"wp","href":"https:\/\/api.w.org\/{rel}","templated":true}]}}