{"id":90,"date":"2024-04-01T11:53:52","date_gmt":"2024-04-01T11:53:52","guid":{"rendered":"https:\/\/marcoplanas.ch\/?page_id=90"},"modified":"2025-03-29T14:12:23","modified_gmt":"2025-03-29T14:12:23","slug":"ueber-mich","status":"publish","type":"page","link":"https:\/\/marcoplanas.ch\/index.php\/ueber-mich\/","title":{"rendered":"\u00dcber mich"},"content":{"rendered":"<p>[vc_row][vc_column][vc_empty_space][\/vc_column][\/vc_row][vc_row][vc_column width=&#187;1\/2&#8243;][vc_single_image image=&#187;465&#8243; img_size=&#187;full&#187;][\/vc_column][vc_column width=&#187;1\/2&#8243;][tm_heading tag=&#187;h2&#8243; custom_google_font=&#187;&#187; text=&#187;Beruf und Ausbildung&#187; typed_list=&#187;%5B%7B%7D%5D&#187;][vc_column_text]Aktuell<br \/>\n<strong>Stadtrat<\/strong>, Stadt Schaffhausen (seit 2025)<br \/>\n<strong>Moderator<\/strong> \u00abBildung aktuell\u00bb, Tele D (seit 2024)<\/p>\n<p>Davor<br \/>\n<strong>Schulinspektor<\/strong>, Kanton Schaffhausen (2021 &#8211; 2024)<strong><br \/>\nPrimarlehrer<\/strong>, Schule Feuerthalen (2011 &#8211; 2021)<br \/>\n<strong>Kolumnist<\/strong>, Schaffhauser Nachrichten (2017 &#8211; 2021)<br \/>\n<strong>Redaktor<\/strong>, Schaffhauser AZ (2007 \u2013 2011)<br \/>\n<strong>Deutschlehrer<\/strong>, Sprachkurse Altstadt (2005-2009)<br \/>\n<strong>Sportreporter<\/strong>, Radio Munot (2002 \u2013 2016)<br \/>\n<strong>Barkeeper<\/strong>, Gleis 6 (2002-2005)<\/p>\n<p>Ausbildung<br \/>\n<strong>CAS\u00a0Unterrichts- und Schulentwicklung,<\/strong> PH Luzern (2024)<br \/>\n<strong>CAS\u00a0P\u00e4dagogischer ICT-Support PICTS<\/strong>, PH Z\u00fcrich (2014)<br \/>\n<strong>Primarlehrer<\/strong>, Seminar Unterstrass (2011)<br \/>\n<strong>Master Uni ZH<\/strong>, Publizistik, Wirtschafts- und Sozialgeschichte (2002 &#8211; 2008)[\/vc_column_text][tm_heading tag=&#187;h2&#8243; custom_google_font=&#187;&#187; text=&#187;Politik, Ehrenamt und Freizeit&#187; typed_list=&#187;%5B%7B%7D%5D&#187;][vc_column_text]<strong>Grossstadtrat<\/strong> (2015 \u2013 2024), parteilos, Pr\u00e4sident 2021<br \/>\n<strong>Munotverein<\/strong>, Vorstand (seit 2022)<br \/>\n<strong>G\u00f6nnerverein Schaffhauser AZ<\/strong>, Vorstand (seit 2018)<br \/>\n<strong>Penya Bar\u00e7a<\/strong>, Sekret\u00e4r und Kassier (seit 2002)<\/p>\n<p><strong>Vereinsmitgliedschaften<\/strong><br \/>\nKiwanis Schaffhausen, Kleine B\u00fchne Schaffhausen, Presseverein Schaffhausen, Kantonsschulverein, TC Belair, Quartiervereine Breite und Altstadt, G\u00f6nnervereinigung Radio Munot \u00abClub 83\u00bb.[\/vc_column_text][tm_heading tag=&#187;h2&#8243; custom_google_font=&#187;&#187; text=&#187;Pers\u00f6nliches&#187; typed_list=&#187;%5B%7B%7D%5D&#187;][vc_column_text]<strong>Wohnort<\/strong>: Stadt Schaffhausen<br \/>\n<strong>Geburtsdatum<\/strong>: 20.10.1980<br \/>\n<strong>Schulabschluss<\/strong>: Kantonsschule Schaffhausen (2000)<br \/>\n<strong>Staatsb\u00fcrgerschaft<\/strong>: Schweiz, Spanien<br \/>\n<strong>Zivilstand<\/strong>: in einer Partnerschaft[\/vc_column_text][\/vc_column][\/vc_row][vc_row][vc_column][vc_empty_space height=&#187;50px&#187;][\/vc_column][\/vc_row]<\/p>\n","protected":false},"excerpt":{"rendered":"[vc_row][vc_column][vc_empty_space][\/vc_column][\/vc_row][vc_row][vc_column width=&#187;1\/2&#8243;][vc_single_image image=&#187;465&#8243; img_size=&#187;full&#187;][\/vc_column][vc_column width=&#187;1\/2&#8243;][tm_heading tag=&#187;h2&#8243; custom_google_font=&#187;&#187; text=&#187;Beruf und Ausbildung&#187; typed_list=&#187;%5B%7B%7D%5D&#187;][vc_column_text]Aktuell Stadtrat, Stadt Schaffhausen (seit 2025) Moderator \u00abBildung aktuell\u00bb, Tele D (seit 2024) Davor Schulinspektor, Kanton Schaffhausen (2021 &#8211; 2024) Primarlehrer, Schule Feuerthalen (2011 &#8211; 2021) Kolumnist, Schaffhauser Nachrichten (2017 &#8211; 2021) Redaktor, Schaffhauser AZ (2007 \u2013 2011) Deutschlehrer, Sprachkurse Altstadt (2005-2009) Sportreporter, Radio Munot (2002 \u2013 2016) Barkeeper, Gleis 6 (2002-2005) Ausbildung CAS\u00a0Unterrichts- und Schulentwicklung, PH Luzern (2024) CAS\u00a0P\u00e4dagogischer ICT-Support PICTS, PH Z\u00fcrich (2014) Primarlehrer, Seminar Unterstrass (2011) Master Uni ZH, Publizistik, Wirtschafts- und Sozialgeschichte (2002 &#8211; 2008)[\/vc_column_text][tm_heading tag=&#187;h2&#8243; custom_google_font=&#187;&#187; text=&#187;Politik, Ehrenamt und Freizeit&#187; typed_list=&#187;%5B%7B%7D%5D&#187;][vc_column_text]Grossstadtrat (2015 \u2013 2024), parteilos, Pr\u00e4sident 2021 Munotverein, Vorstand (seit 2022) G\u00f6nnerverein Schaffhauser AZ, Vorstand (seit 2018) Penya Bar\u00e7a, Sekret\u00e4r und Kassier (seit 2002) Vereinsmitgliedschaften Kiwanis Schaffhausen, Kleine B\u00fchne Schaffhausen, Presseverein Schaffhausen, Kantonsschulverein, TC Belair, Quartiervereine Breite und Altstadt, G\u00f6nnervereinigung Radio Munot \u00abClub 83\u00bb.[\/vc_column_text][tm_heading tag=&#187;h2&#8243; custom_google_font=&#187;&#187; text=&#187;Pers\u00f6nliches&#187; typed_list=&#187;%5B%7B%7D%5D&#187;][vc_column_text]Wohnort: Stadt Schaffhausen Geburtsdatum: 20.10.1980 Schulabschluss: Kantonsschule Schaffhausen (2000) Staatsb\u00fcrgerschaft: Schweiz, Spanien Zivilstand: in einer Partnerschaft[\/vc_column_text][\/vc_column][\/vc_row][vc_row][vc_column][vc_empty_space height=&#187;50px&#187;][\/vc_column][\/vc_row]","protected":false},"author":1,"featured_media":0,"parent":0,"menu_order":0,"comment_status":"closed","ping_status":"open","template":"","meta":{"_themeisle_gutenberg_block_has_review":false,"footnotes":""},"class_list":["post-90","page","type-page","status-publish","hentry"],"yoast_head":"<!-- This site is optimized with the Yoast SEO plugin v27.1.1 - https:\/\/yoast.com\/product\/yoast-seo-wordpress\/ -->\n<title>\u00dcber mich - Marco Planas in den Stadtrat<\/title>\n<meta name=\"robots\" content=\"index, follow, max-snippet:-1, max-image-preview:large, max-video-preview:-1\" \/>\n<link rel=\"canonical\" href=\"https:\/\/marcoplanas.ch\/index.php\/ueber-mich\/\" \/>\n<meta property=\"og:locale\" content=\"de_DE\" \/>\n<meta property=\"og:type\" content=\"article\" \/>\n<meta property=\"og:title\" content=\"\u00dcber mich - Marco Planas in den Stadtrat\" \/>\n<meta property=\"og:description\" content=\"[vc_row][vc_column][vc_empty_space][\/vc_column][\/vc_row][vc_row][vc_column width=&#187;1\/2&#8243;][vc_single_image image=&#187;465&#8243; img_size=&#187;full&#187;][\/vc_column][vc_column width=&#187;1\/2&#8243;][tm_heading tag=&#187;h2&#8243; custom_google_font=&#187;&#187; text=&#187;Beruf und Ausbildung&#187; typed_list=&#187;%5B%7B%7D%5D&#187;][vc_column_text]Aktuell Stadtrat, Stadt Schaffhausen (seit 2025) Moderator \u00abBildung aktuell\u00bb, Tele D (seit 2024) Davor Schulinspektor, Kanton Schaffhausen (2021 &#8211; 2024) Primarlehrer, Schule Feuerthalen (2011 &#8211; 2021) Kolumnist, Schaffhauser Nachrichten (2017 &#8211; 2021) Redaktor, Schaffhauser AZ (2007 \u2013 2011) Deutschlehrer, Sprachkurse Altstadt (2005-2009) Sportreporter, Radio Munot (2002 \u2013 2016) Barkeeper, Gleis 6 (2002-2005) Ausbildung CAS\u00a0Unterrichts- und Schulentwicklung, PH Luzern (2024) CAS\u00a0P\u00e4dagogischer ICT-Support PICTS, PH Z\u00fcrich (2014) Primarlehrer, Seminar Unterstrass (2011) Master Uni ZH, Publizistik, Wirtschafts- und Sozialgeschichte (2002 &#8211; 2008)[\/vc_column_text][tm_heading tag=&#187;h2&#8243; custom_google_font=&#187;&#187; text=&#187;Politik, Ehrenamt und Freizeit&#187; typed_list=&#187;%5B%7B%7D%5D&#187;][vc_column_text]Grossstadtrat (2015 \u2013 2024), parteilos, Pr\u00e4sident 2021 Munotverein, Vorstand (seit 2022) G\u00f6nnerverein Schaffhauser AZ, Vorstand (seit 2018) Penya Bar\u00e7a, Sekret\u00e4r und Kassier (seit 2002) Vereinsmitgliedschaften Kiwanis Schaffhausen, Kleine B\u00fchne Schaffhausen, Presseverein Schaffhausen, Kantonsschulverein, TC Belair, Quartiervereine Breite und Altstadt, G\u00f6nnervereinigung Radio Munot \u00abClub 83\u00bb.[\/vc_column_text][tm_heading tag=&#187;h2&#8243; custom_google_font=&#187;&#187; text=&#187;Pers\u00f6nliches&#187; typed_list=&#187;%5B%7B%7D%5D&#187;][vc_column_text]Wohnort: Stadt Schaffhausen Geburtsdatum: 20.10.1980 Schulabschluss: Kantonsschule Schaffhausen (2000) Staatsb\u00fcrgerschaft: Schweiz, Spanien Zivilstand: in einer Partnerschaft[\/vc_column_text][\/vc_column][\/vc_row][vc_row][vc_column][vc_empty_space height=&#187;50px&#187;][\/vc_column][\/vc_row]\" \/>\n<meta property=\"og:url\" content=\"https:\/\/marcoplanas.ch\/index.php\/ueber-mich\/\" \/>\n<meta property=\"og:site_name\" content=\"Marco Planas in den Stadtrat\" \/>\n<meta property=\"article:modified_time\" content=\"2025-03-29T14:12:23+00:00\" \/>\n<meta name=\"twitter:card\" content=\"summary_large_image\" \/>\n<meta name=\"twitter:label1\" content=\"Gesch\u00e4tzte Lesezeit\" \/>\n\t<meta name=\"twitter:data1\" content=\"1\u00a0Minute\" \/>\n<script type=\"application\/ld+json\" class=\"yoast-schema-graph\">{\"@context\":\"https:\/\/schema.org\",\"@graph\":[{\"@type\":\"WebPage\",\"@id\":\"https:\/\/marcoplanas.ch\/index.php\/ueber-mich\/\",\"url\":\"https:\/\/marcoplanas.ch\/index.php\/ueber-mich\/\",\"name\":\"\u00dcber mich - Marco Planas in den Stadtrat\",\"isPartOf\":{\"@id\":\"https:\/\/marcoplanas.ch\/#website\"},\"datePublished\":\"2024-04-01T11:53:52+00:00\",\"dateModified\":\"2025-03-29T14:12:23+00:00\",\"breadcrumb\":{\"@id\":\"https:\/\/marcoplanas.ch\/index.php\/ueber-mich\/#breadcrumb\"},\"inLanguage\":\"de-CH\",\"potentialAction\":[{\"@type\":\"ReadAction\",\"target\":[\"https:\/\/marcoplanas.ch\/index.php\/ueber-mich\/\"]}]},{\"@type\":\"BreadcrumbList\",\"@id\":\"https:\/\/marcoplanas.ch\/index.php\/ueber-mich\/#breadcrumb\",\"itemListElement\":[{\"@type\":\"ListItem\",\"position\":1,\"name\":\"Startseite\",\"item\":\"https:\/\/marcoplanas.ch\/\"},{\"@type\":\"ListItem\",\"position\":2,\"name\":\"\u00dcber mich\"}]},{\"@type\":\"WebSite\",\"@id\":\"https:\/\/marcoplanas.ch\/#website\",\"url\":\"https:\/\/marcoplanas.ch\/\",\"name\":\"Marco Planas in den Stadtrat\",\"description\":\"\",\"potentialAction\":[{\"@type\":\"SearchAction\",\"target\":{\"@type\":\"EntryPoint\",\"urlTemplate\":\"https:\/\/marcoplanas.ch\/?s={search_term_string}\"},\"query-input\":{\"@type\":\"PropertyValueSpecification\",\"valueRequired\":true,\"valueName\":\"search_term_string\"}}],\"inLanguage\":\"de-CH\"}]}<\/script>\n<!-- \/ Yoast SEO plugin. -->","yoast_head_json":{"title":"\u00dcber mich - Marco Planas in den Stadtrat","robots":{"index":"index","follow":"follow","max-snippet":"max-snippet:-1","max-image-preview":"max-image-preview:large","max-video-preview":"max-video-preview:-1"},"canonical":"https:\/\/marcoplanas.ch\/index.php\/ueber-mich\/","og_locale":"de_DE","og_type":"article","og_title":"\u00dcber mich - Marco Planas in den Stadtrat","og_description":"[vc_row][vc_column][vc_empty_space][\/vc_column][\/vc_row][vc_row][vc_column width=&#187;1\/2&#8243;][vc_single_image image=&#187;465&#8243; img_size=&#187;full&#187;][\/vc_column][vc_column width=&#187;1\/2&#8243;][tm_heading tag=&#187;h2&#8243; custom_google_font=&#187;&#187; text=&#187;Beruf und Ausbildung&#187; typed_list=&#187;%5B%7B%7D%5D&#187;][vc_column_text]Aktuell Stadtrat, Stadt Schaffhausen (seit 2025) Moderator \u00abBildung aktuell\u00bb, Tele D (seit 2024) Davor Schulinspektor, Kanton Schaffhausen (2021 &#8211; 2024) Primarlehrer, Schule Feuerthalen (2011 &#8211; 2021) Kolumnist, Schaffhauser Nachrichten (2017 &#8211; 2021) Redaktor, Schaffhauser AZ (2007 \u2013 2011) Deutschlehrer, Sprachkurse Altstadt (2005-2009) Sportreporter, Radio Munot (2002 \u2013 2016) Barkeeper, Gleis 6 (2002-2005) Ausbildung CAS\u00a0Unterrichts- und Schulentwicklung, PH Luzern (2024) CAS\u00a0P\u00e4dagogischer ICT-Support PICTS, PH Z\u00fcrich (2014) Primarlehrer, Seminar Unterstrass (2011) Master Uni ZH, Publizistik, Wirtschafts- und Sozialgeschichte (2002 &#8211; 2008)[\/vc_column_text][tm_heading tag=&#187;h2&#8243; custom_google_font=&#187;&#187; text=&#187;Politik, Ehrenamt und Freizeit&#187; typed_list=&#187;%5B%7B%7D%5D&#187;][vc_column_text]Grossstadtrat (2015 \u2013 2024), parteilos, Pr\u00e4sident 2021 Munotverein, Vorstand (seit 2022) G\u00f6nnerverein Schaffhauser AZ, Vorstand (seit 2018) Penya Bar\u00e7a, Sekret\u00e4r und Kassier (seit 2002) Vereinsmitgliedschaften Kiwanis Schaffhausen, Kleine B\u00fchne Schaffhausen, Presseverein Schaffhausen, Kantonsschulverein, TC Belair, Quartiervereine Breite und Altstadt, G\u00f6nnervereinigung Radio Munot \u00abClub 83\u00bb.[\/vc_column_text][tm_heading tag=&#187;h2&#8243; custom_google_font=&#187;&#187; text=&#187;Pers\u00f6nliches&#187; typed_list=&#187;%5B%7B%7D%5D&#187;][vc_column_text]Wohnort: Stadt Schaffhausen Geburtsdatum: 20.10.1980 Schulabschluss: Kantonsschule Schaffhausen (2000) Staatsb\u00fcrgerschaft: Schweiz, Spanien Zivilstand: in einer Partnerschaft[\/vc_column_text][\/vc_column][\/vc_row][vc_row][vc_column][vc_empty_space height=&#187;50px&#187;][\/vc_column][\/vc_row]","og_url":"https:\/\/marcoplanas.ch\/index.php\/ueber-mich\/","og_site_name":"Marco Planas in den Stadtrat","article_modified_time":"2025-03-29T14:12:23+00:00","twitter_card":"summary_large_image","twitter_misc":{"Gesch\u00e4tzte Lesezeit":"1\u00a0Minute"},"schema":{"@context":"https:\/\/schema.org","@graph":[{"@type":"WebPage","@id":"https:\/\/marcoplanas.ch\/index.php\/ueber-mich\/","url":"https:\/\/marcoplanas.ch\/index.php\/ueber-mich\/","name":"\u00dcber mich - Marco Planas in den Stadtrat","isPartOf":{"@id":"https:\/\/marcoplanas.ch\/#website"},"datePublished":"2024-04-01T11:53:52+00:00","dateModified":"2025-03-29T14:12:23+00:00","breadcrumb":{"@id":"https:\/\/marcoplanas.ch\/index.php\/ueber-mich\/#breadcrumb"},"inLanguage":"de-CH","potentialAction":[{"@type":"ReadAction","target":["https:\/\/marcoplanas.ch\/index.php\/ueber-mich\/"]}]},{"@type":"BreadcrumbList","@id":"https:\/\/marcoplanas.ch\/index.php\/ueber-mich\/#breadcrumb","itemListElement":[{"@type":"ListItem","position":1,"name":"Startseite","item":"https:\/\/marcoplanas.ch\/"},{"@type":"ListItem","position":2,"name":"\u00dcber mich"}]},{"@type":"WebSite","@id":"https:\/\/marcoplanas.ch\/#website","url":"https:\/\/marcoplanas.ch\/","name":"Marco Planas in den Stadtrat","description":"","potentialAction":[{"@type":"SearchAction","target":{"@type":"EntryPoint","urlTemplate":"https:\/\/marcoplanas.ch\/?s={search_term_string}"},"query-input":{"@type":"PropertyValueSpecification","valueRequired":true,"valueName":"search_term_string"}}],"inLanguage":"de-CH"}]}},"_links":{"self":[{"href":"https:\/\/marcoplanas.ch\/index.php\/wp-json\/wp\/v2\/pages\/90","targetHints":{"allow":["GET"]}}],"collection":[{"href":"https:\/\/marcoplanas.ch\/index.php\/wp-json\/wp\/v2\/pages"}],"about":[{"href":"https:\/\/marcoplanas.ch\/index.php\/wp-json\/wp\/v2\/types\/page"}],"author":[{"embeddable":true,"href":"https:\/\/marcoplanas.ch\/index.php\/wp-json\/wp\/v2\/users\/1"}],"replies":[{"embeddable":true,"href":"https:\/\/marcoplanas.ch\/index.php\/wp-json\/wp\/v2\/comments?post=90"}],"version-history":[{"count":98,"href":"https:\/\/marcoplanas.ch\/index.php\/wp-json\/wp\/v2\/pages\/90\/revisions"}],"predecessor-version":[{"id":1076,"href":"https:\/\/marcoplanas.ch\/index.php\/wp-json\/wp\/v2\/pages\/90\/revisions\/1076"}],"wp:attachment":[{"href":"https:\/\/marcoplanas.ch\/index.php\/wp-json\/wp\/v2\/media?parent=90"}],"curies":[{"name":"wp","href":"https:\/\/api.w.org\/{rel}","templated":true}]}}